culate the remainder when 112938 is divided by 949.
7
Calculate the remainder when 455263 is divided by 18.
7
What is the remainder when 208608 is divided by 159?
0
Calculate the remainder when 24352 is divided by 107.
63
Calculate the remainder when 8829 is divided by 8708.
121
Calculate the remainder when 515069 is divided by 902.
27
Calculate the remainder when 2992144 is divided by 103.
97
What is the remainder when 5812987 is divided by 1392?
1387
What is the remainder when 1045335 is divided by 41?
40
Calculate the remainder when 9201 is divided by 750.
201
Calculate the remainder when 2006 is divided by 950.
106
Calculate the remainder when 7009 is divided by 76.
17
What is the remainder when 421 is divided by 74?
51
Calculate the remainder when 9957 is divided by 2481.
33
Calculate the remainder when 16399 is divided by 21.
19
Calculate the remainder when 25250 is divided by 1647.
545
What is the remainder when 35291 is divided by 50?
41
Calculate the remainder when 8536 is divided by 132.
88
What is the remainder when 2136 is divided by 69?
66
What is the remainder when 1629 is divided by 936?
693
Calculate the remainder when 3535 is divided by 143.
103
Calculate the remainder when 999 is divided by 491.
17
What is the remainder when 1836 is divided by 544?
204
What is the remainder when 29870 is divided by 102?
86
Calculate the remainder when 70227 is divided by 3693.
60
Calculate the remainder when 2591 is divided by 108.
107
Calculate the remainder when 9091 is divided by 179.
141
Calculate the remainder when 1594 is divided by 112.
26
Calculate the remainder when 52479 is divided by 11.
9
What is the remainder when 2496892 is divided by 9?
4
What is the remainder when 11166 is divided by 2726?
262
Calculate the remainder when 26259 is divided by 260.
259
Calculate the remainder when 35023 is divided by 11.
10
What is the remainder when 200027 is divided by 50006?
3
Calculate the remainder when 65039 is divided by 64939.
100
Calculate the remainder when 10376 is divided by 31.
22
What is the remainder when 1128 is divided by 47?
0
What is the remainder when 20002 is divided by 1730?
972
What is the remainder when 3694 is divided by 100?
94
What is the remainder when 4470 is divided by 280?
270
Calculate the remainder when 812 is divided by 721.
91
Calculate the remainder when 599613 is divided by 46124.
1
Calculate the remainder when 1003 is divided by 439.
125
Calculate the remainder when 30496 is divided by 221.
219
What is the remainder when 8037 is divided by 60?
57
What is the remainder when 220603 is divided by 73529?
16
Calculate the remainder when 44222 is divided by 36.
14
What is the remainder when 3224 is divided by 187?
45
What is the remainder when 34361 is divided by 272?
89
Calculate the remainder when 1396866 is divided by 53.
51
What is the remainder when 10596 is divided by 31?
25
Calculate the remainder when 564509 is divided by 84.
29
What is the remainder when 5759 is divided by 4?
3
What is the remainder when 19874 is divided by 390?
374
Calculate the remainder when 3868556 is divided by 21.
20
Calculate the remainder when 1124289 is divided by 10.
9
What is the remainder when 9675 is divided by 1921?
70
What is the remainder when 3172 is divided by 172?
76
What is the remainder when 701250 is divided by 21?
18
Calculate the remainder when 449 is divided by 202.
45
What is the remainder when 4369658 is divided by 430?
428
Calculate the remainder when 44455 is divided by 9.
4
What is the remainder when 133810 is divided by 83?
14
Calculate the remainder when 3566 is divided by 1782.
2
What is the remainder when 23805 is divided by 314?
255
Calculate the remainder when 84490 is divided by 16.
10
What is the remainder when 112594 is divided by 2963?
0
Calculate the remainder when 13732 is divided by 14.
12
What is the remainder when 6190908 is divided by 115?
113
What is the remainder when 51949 is divided by 110?
29
What is the remainder when 1635193 is divided by 278?
275
What is the remainder when 2082 is divided by 2008?
74
Calculate the remainder when 610915 is divided by 154.
151
What is the remainder when 25908 is divided by 324?
312
Calculate the remainder when 35518 is divided by 5.
3
What is the remainder when 92905 is divided by 13263?
64
Calculate the remainder when 209 is divided by 130.
79
Calculate the remainder when 61601 is divided by 118.
5
Calculate the remainder when 3085 is divided by 2852.
233
What is the remainder when 213325 is divided by 268?
265
Calculate the remainder when 1514921 is divided by 74.
67
What is the remainder when 1334310 is divided by 61?
57
Calculate the remainder when 107600 is divided by 834.
14
What is the remainder when 481235 is divided by 227?
222
Calculate the remainder when 27493 is divided by 9156.
25
Calculate the remainder when 1681 is divided by 328.
41
Calculate the remainder when 4210 is divided by 128.
114
What is the remainder when 59818 is divided by 934?
42
Calculate the remainder when 772784 is divided by 193196.
0
What is the remainder when 2017 is divided by 165?
37
Calculate the remainder when 52957 is divided by 553.
422
What is the remainder when 30019 is divided by 7366?
555
Calculate the remainder when 2516 is divided by 488.
76
Calculate the remainder when 3458 is divided by 84.
14
Calculate the remainder when 7032 is divided by 83.
60
Calculate the remainder when 9516 is divided by 699.
429
What is the remainder when 62 is divided by 30?
2
Calculate the remainder when 228 is divided by 209.
19
Calculate the remainder when 49514 is divided by 750.
14
Calculate the remainder when 1325 is divided by 532.
261
Calculate the remainder when 3201 is divided by 681.
477
What is the remainder when 60927 is divided by 19?
13
Calculate the remainder when 323083 is divided by 10422.
1
Calculate the remainder when 20837 is divided by 2315.
2
What is the remainder when 6870 is divided by 3416?
38
What is the remainder when 32479 is divided by 433?
4
What is the remainder when 9817 is divided by 1959?
22
What is the remainder when 1864 is divided by 593?
85
Calculate the remainder when 33219 is divided by 44.
43
Calculate the remainder when 1692 is divided by 1692.
0
Calculate the remainder when 17987 is divided by 10.
7
Calculate the remainder when 90164 is divided by 22525.
64
Calculate the remainder when 8358 is divided by 20.
18
Calculate the remainder when 38098 is divided by 18940.
218
What is the remainder when 22038 is divided by 667?
27
What is the remainder when 40855 is divided by 1280?
1175
Calculate the remainder when 39137 is divided by 33.
32
Calculate the remainder when 963 is divided by 28.
11
What is the remainder when 24975 is divided by 31?
20
What is the remainder when 4708 is divided by 2036?
636
What is the remainder when 2942 is divided by 367?
6
What is the remainder when 49856 is divided by 14?
2
Calculate the remainder when 12204 is divided by 1017.
0
What is the remainder when 7683 is divided by 35?
18
Calculate the remainder when 26249 is divided by 30.
29
What is the remainder when 16898 is divided by 2740?
458
What is the remainder when 5240 is divided by 2992?
2248
What is the remainder when 161403 is divided by 14672?
11
What is the remainder when 21150 is divided by 268?
246
Calculate the remainder when 869233 is divided by 15.
13
Calculate the remainder when 1422 is divided by 276.
42
Calculate the remainder when 135301 is divided by 379.
377
What is the remainder when 32992 is divided by 277?
29
What is the remainder when 3711 is divided by 544?
447
Calculate the remainder when 57528 is divided by 19.
15
What is the remainder when 24733 is divided by 68?
49
What is the remainder when 53192 is divided by 462?
62
What is the remainder when 4211 is divided by 12?
11
Calculate the remainder when 1863 is divided by 148.
87
What is the remainder when 1551 is divided by 97?
96
What is the remainder when 19077 is divided by 6353?
18
What is the remainder when 26059 is divided by 25900?
159
What is the remainder when 152486 is divided by 299?
295
What is the remainder when 16321 is divided by 44?
41
What is the remainder when 5185 is divided by 462?
103
What is the remainder when 261 is divided by 107?
47
Calculate the remainde